ppose t*r - 6*r - 5*x + 46 = 0, -x - 7 = -r. What are the prime factors of r?
3
Let w(t) = -t**2 - 8*t. Let l be w(-8). Let u = l + -2. Let y = u + 7. What are the prime factors of y?
5
Let y be (-57)/21 - 2/7. Let v = y + 13. What are the prime factors of v?
2, 5
Let m(g) = g**3 + 9*g**2 + 4*g - 7. List the prime factors of m(-8).
5
Let c(a) = -a**2 - 7*a - 2. Let w be c(-3). Let i be w/3*(-6)/(-5). Suppose i*x + x - 40 = 0. List the prime factors of x.
2
Let p(j) = 2*j - 8. Let k be p(10). Suppose k*y - 11*y = 8. What are the prime factors of y?
2
Let d(v) = -v**3 + 1. Let t be d(0). Let l(a) = 16*a**2 - 1. List the prime factors of l(t).
3, 5
Suppose -w - 2*w + 33 = 0. Let i = 15 - w. What are the prime factors of i?
2
Suppose 4*i - 45 = 5*f, f - 5*i - 9 = 2*f. Let g(o) = -o**3 - 10*o**2 - 11*o - 11. What are the prime factors of g(f)?
7
Let t(s) = 2*s + 6. List the prime factors of t(12).
2, 3, 5
Suppose 34 = 3*x - 53. List the prime factors of x.
29
Let j = 25 - -11. What are the prime factors of j?
2, 3
Let w = 26 - -28. Let s = 76 - w. List the prime factors of s.
2, 11
Let i(k) = -k**3 - 7*k**2 + 4*k - 3. Let l be i(-5). Let g = 132 + l. What are the prime factors of g?
59
Let s(j) = 5*j - 3. Let k be s(4). Suppose -5*l + k = -33. What are the prime factors of l?
2, 5
Suppose 4*f - 1507 = -499. What are the prime factors of f?
2, 3, 7
Let l be (4 - (-2 - -4)) + 2. Suppose -l*c + 5*x + 14 = 0, -5*c + 4*c + 2*x = -2. List the prime factors of -7*c/(-3) + -1.
13
Suppose -4*y - 4*u - 41 = -u, -u = -5. Let t = -13 - -3. Let h = t - y. What are the prime factors of h?
2
Let o(p) = p**3 + 8*p**2 + 2*p + 4. Let v = -7 + 0. Let t be o(v). Suppose -3*f + 0*f = -t. List the prime factors of f.
13
Let q(o) = o**3 - 8*o**2 + 2*o - 11. List the prime factors of q(8).
5
Suppose -a - 2*h = -10, 14 = 3*h + 5. Suppose -j - 2*w = 3*w - 2, 2*j + 5*w = a. List the prime factors of 8/10*35/j.
2, 7
Suppose 5*l + 0*l = -465. Let t = -41 - l. What are the prime factors of t?
2, 13
Let w = 0 + 12. Let v = -5 + w. What are the prime factors of v?
7
Let k be -1*19*(-2 - -1). Suppose k = 3*i + 1. List the prime factors of (15/6 + -1)*i.
3
Let c(f) = -f**2 + 5*f. Suppose 0 = 3*a + a - 32. Let n be a/3*6/4. What are the prime factors of c(n)?
2
List the prime factors of (-1)/(-2) + 412/8.
2, 13
Suppose 3*n + 12 = 132. List the prime factors of n/15*(-2 + 5).
2
Suppose 3*i + z = 3*z + 5, -5*z - 17 = -3*i. Let g = 2 - i. List the prime factors of g.
3
Let l(s) = 7*s**2 - 1. Let z be l(-1). Let i(x) = -x + 8. Let j be i(z). What are the prime factors of j - (-10)/(-4)*-2?
7
Suppose 4*r = -0 + 16. Suppose 0 = 5*p + h + 4*h - 55, -r*p - h + 35 = 0. List the prime factors of p.
2
Let t(s) = -4*s - 5. List the prime factors of t(-4).
11
Suppose -282 + 17 = -o + r, o = 2*r + 261. List the prime factors of o.
269
Let l(n) = 5*n**2 + 2*n + 9. List the prime factors of l(-4).
3
Let b = -3 + 5. Suppose 2*f - 3*l = -l - b, -2*f + 2 = -l. Suppose -3 = -m, f*p - 69 = -3*m - m. List the prime factors of p.
19
Let n = -264 - -396. What are the prime factors of n?
2, 3, 11
Let m(r) be the third derivative of -r**5/60 - 5*r**4/24 + r**3/3 - 6*r**2. What are the prime factors of m(-5)?
2
Let a = 81 - 175. Let v be a/(-8) - (-2)/8. Suppose v = 4*l - 0. List the prime factors of l.
3
Let t be 135/25 + 2/(-5). Suppose -3*c - 3*u + 9 = 2*c, 0 = -t*c + 3*u + 21. Let x(j) = 3*j - 1. What are the prime factors of x(c)?
2
Let p be 1/(-3) - 49/(-3). Let a = p - 3. What are the prime factors of a?
13
Suppose -3*m - 2*m - 12 = -d, 3*d + 4*m + 21 = 0. Let l(o) = o**2 - 4*o. Let h be l(d). What are the prime factors of (12/(-14))/((-3)/h)?
2, 3
Let w(s) = -s**3 + 3*s**2 - 3*s + 1. Let m be w(2). List the prime factors of 1*12 - (m + 2).
11
Let i(q) be the second derivative of -q**6/120 - q**5/12 + q**4/6 - q**3 + q**2 + q. Let z(f) be the first derivative of i(f). List the prime factors of z(-6).
2, 3
Let l(x) = x**3 - 13*x**2 + 21*x - 11. List the prime factors of l(13).
2, 131
Suppose 2*k + 3*k = 205. What are the prime factors of k?
41
Let n = 68 + -4. List the prime factors of n.
2
Let h(t) = t - 5. Let w be h(7). Let k = -8 - -1. Let d = w - k. What are the prime factors of d?
3
Let i = -92 - -420. What are the prime factors of i?
2, 41
Suppose 4*b - 2*l = -58, -b - 4*b = 4*l + 66. Let p be (-4)/b + (-58)/7. Let y = 1 - p. List the prime factors of y.
3
Suppose 0 = 10*w - 0*w - 2810. What are the prime factors of w?
281
Let y be -2 - (-26 + 3) - 0. Suppose 5*g - 131 + y = 0. What are the prime factors of g?
2, 11
Let h(q) = -5*q**2 - q + 4. Let k(r) = 6*r**2 - 5. Let l(z) = -3*h(z) - 2*k(z). What are the prime factors of l(-3)?
2
What are the prime factors of (-52)/6*(244 - 4)/(-8)?
2, 5, 13
Let p(w) = 6*w**2 + 1. Let k(s) = s**3 - 11*s**2 + 9*s + 9. Let a be k(10). What are the prime factors of p(a)?
7
Suppose -3 = -3*c + 6. Suppose -1 - 1 = s, 4*s = -m + c. What are the prime factors of m?
11
Let x = -88 - -123. What are the prime factors of x?
5, 7
Suppose -3807 = -4*b - 23*b. What are the prime factors of b?
3, 47
Let d = 19 - 18. What are the prime factors of ((33 - -1) + 3)/d?
37
Let u = -6 + 12. What are the prime factors of u?
2, 3
Let h = 577 - 177. List the prime factors of h.
2, 5
Let q = -32 + 81. What are the prime factors of q?
7
Let p(r) = -r**3 - 7*r**2 + 24*r + 6. What are the prime factors of p(-10)?
2, 3, 11
Let t = -12 - -31. Let n = -2 - -11. Let h = t - n. What are the prime factors of h?
2, 5
Suppose -p = -3*q - 18, -4*p + 28 = -3*q + 2*q. What are the prime factors of p/(-4)*(-6 - 0)?
3
Let t(q) = 16*q**3 + 2*q**2 + 3*q - 4. List the prime factors of t(1).
17
Let b be 2/1 + 8 + -13. Let q(j) = 10*j - 12. Let p(l) = l - 1. Let i(h) = -44*p(h) + 4*q(h). List the prime factors of i(b).
2
Let o = 235 - -48. List the prime factors of o.
283
Let t be (-9)/(-6)*(-10)/(-3). Suppose t*z = -4*n + 66, -4*n - 9 - 5 = -3*z. List the prime factors of z.
2, 5
Let i(p) be the first derivative of p**4/4 + 2*p**3 + p**2/2 - 5*p + 1. List the prime factors of i(-4).
23
Let x = 213 - 60. What are the prime factors of x?
3, 17
Let u be (-2)/((-6)/(-3)) - -1. Suppose 4*o + 3*i = 24, u = -o + 3*i - 0*i + 6. Suppose -2*f + 6 + o = 4*v, -4*f + 36 = 4*v. List the prime factors of f.
2, 3
Suppose o + 25 = -4*o, -65 = -4*d + 5*o. Suppose 3*i - i - d = 0. Suppose 3*c - 14 = -i*f, -2*c + f + 4*f = -26. What are the prime factors of c?
2
Let m = -78 + 158. Suppose 0*y - m = -2*y. What are the prime factors of y?
2, 5
Let r(v) = 3*v**2 + 7*v - 12. Let j(y) = 2*y**2 + 8*y - 11. Let n(d) = 4*j(d) - 3*r(d). Let q be n(9). Suppose 2*p = -3*p + q. List the prime factors of p.
2
Let u = -23 - -30. What are the prime factors of u?
7
Let g(m) = m**2 - 3*m - 4. Suppose x - 5 = 1. What are the prime factors of g(x)?
2, 7
Let n = 1 - 1. Suppose b = -4*u - 4*b + 7, -4*u + 16 = -4*b. Let f = u + n. What are the prime factors of f?
3
What are the prime factors of (-18)/27*(-1251)/2?
3, 139
Let y be (-1 - -1)/((-2)/(-1)). Suppose y*z + 6 = 2*z. List the prime factors of z.
3
Let l = -1 - -1. Let q = 28 - 18. Let p = q - l. What are the prime factors of p?
2, 5
Let q = -1 - -5. Suppose 0 = -5*d - 25, -8*x + 3*x - 3*d + 245 = 0. Suppose 16 = 3*l - 2*s - 0*s, 5*s - x = -q*l. List the prime factors of l.
2
Suppose -3 = t + w, -4*w - 5 = 5*t - w. Suppose -3 - 27 = -t*x. What are the prime factors of x?
3, 5
Let p(i) = 4*i - 5. Let a be p(-6). Let h = -2 - a. List the prime factors of h.
3
Let q(b) = -b**3 - 9*b**2 - b + 4. Let s be q(-9). Suppose 5*y = 3*o + 85, -4*y + 3*o - s = -81. What are the prime factors of y?
17
Let q = 17 + -6. What are the prime factors of q?
11
List the prime factors of ((-118)/3)/((-12)/18).
59
List the prime factors of ((-1032)/(-60))/((-2)/(-10)).
2, 43
Let h = 13 + -9. Suppose 2*d + 3*d + 1 = h*b, 2*b - 14 = -2*d. List the prime factors of d.
3
Let s(h) = h**3 - 8*h**2 - 14*h. Let m be s(10). Let t = m + -34. What are the prime factors of t?
2, 13
Suppose 151 = 2*o - 5*z - 89, 0 = -4*o - 4*z + 452. What are the prime factors of o?
5, 23
Suppose q + 0*i + 3*i - 64 = 0, 4*q - 326 = 2*i. What are the prime factors of q?
79
Suppose 0 = 2*y + 2*y + 32. What are the prime factors of (6/y)/((